ulate the highest common factor of x and n.
11
Let l(f) = -f + 21*f**3 - 1 - 1 + 3 - 2*f**2 + f**2. Let s be l(1). What is the highest common divisor of s and 30?
10
Let r be 63 + -2 + (-6)/(-2). Suppose 4*v - r = t - 3*t, 0 = -3*t - 6. Suppose 2*l = v - 5. What is the greatest common divisor of l and 24?
6
Let s = 9 + -3. Suppose -s + 0 = -2*k. Suppose -2*v + 14 = 2*a, v + 4*a - k - 13 = 0. Calculate the highest common factor of 8 and v.
4
Let p = 0 - -3. Suppose 0 = 4*q + o - 76 + 11, -36 = -3*q - 5*o. Let s = 50 - q. What is the greatest common divisor of p and s?
3
Let f be (-5 - -2) + 39 + 2. Suppose -4*z = 4*w - 36, -5*w = -z - f - 25. Calculate the greatest common divisor of w and 36.
12
Suppose -2*s + 3*s = -4*c + 104, -8 = -2*c. Let h(l) = 9*l**2 - 1. Let v be h(-1). What is the greatest common factor of v and s?
8
Suppose 125*f = 121*f + 504. Let q = -15 - -29. Calculate the highest common divisor of q and f.
14
Let f be 32 - (3 + -4 - -3). Let x = f + -18. Let l = 8 + 10. Calculate the highest common divisor of x and l.
6
Let m be 107 - -4 - (0 + -1). Suppose -5*r = -4*k - 58, 0*k = 2*r + k - 31. Calculate the highest common divisor of m and r.
14
Suppose -5*a + 45 = 5*t, 3*a - 9 = 3*t - 0*t. Let i = 8 - a. Suppose 5*l + 28 = y, l + 2 = -i. Calculate the greatest common divisor of 72 and y.
8
Suppose -g - 4 = -5*y, -g - 2*g = -2*y + 12. Let d be 125 + -2 + y + -4. Calculate the highest common divisor of d and 17.
17
Let o(p) be the second derivative of p**5/20 - p**4 + 11*p**3/6 + 5*p**2/2 + 2*p. Let h be o(11). What is the highest common factor of h and 5?
5
Suppose -395 = -5*j + 5*z, -76 = -j - 6*z + 10*z. What is the greatest common divisor of j and 10?
10
Let s be (-8)/16 - 6/4. Let y be s/(-7) - (-47)/7. Calculate the highest common divisor of 1 and y.
1
Let n be 1 + -8*1/(-2). Let g be (n - 3) + 94/2. Calculate the highest common factor of g and 7.
7
Suppose 38 = 2*r - 0*r. Suppose -2*l + r = -13. Let d be 0 - -7 - (2 - 3). Calculate the greatest common divisor of d and l.
8
Let p be (-17)/(-4) - (-1)/(-4). Calculate the greatest common factor of 32 and p.
4
Let o be (1 + -3)/(2/(-8)). Calculate the highest common divisor of 4 and o.
4
Let z(s) = -s**2 - 9*s - 5. Suppose 7 = 5*m - n, 2*n - 5*n + 19 = 5*m. Suppose -5 = i + m. Let w be z(i). Calculate the greatest common divisor of w and 1.
1
Let t be ((-9)/4)/((-5)/60). Calculate the highest common factor of t and 3.
3
Suppose 0 = -2*y - 5*p + 41, -3*y - 3*p + 22 = -26. Suppose m - 1 = y. Calculate the highest common factor of m and 14.
14
Suppose -3*z + 0*m - m = -35, -4*z + 52 = -4*m. Suppose 98 = j - z. What is the highest common factor of 10 and j?
10
Let t = 32 + -22. What is the highest common factor of t and 10?
10
Let s be (30/(-8))/((-1)/12). Let l(b) = b**2 + 10*b + 18. Let p be l(-9). What is the highest common divisor of p and s?
9
Let g be (9/18)/(2/48). Calculate the greatest common divisor of 30 and g.
6
Let p be ((-4)/(-8))/(1/2). Let m be (4 - 1)/(p + 2). Suppose 0 = 4*l + m - 9. Calculate the highest common factor of l and 4.
2
Suppose 0 = 4*r - 6*r + 96. What is the highest common divisor of r and 72?
24
Suppose -f - 98 = -3*a, -a = -0*a + 5*f - 22. Let r(y) = -y**2 + 7*y + 2. Let q be r(5). Let t = 20 - q. What is the greatest common divisor of t and a?
8
Let r be ((-84)/8)/(1/(-2)). Suppose -19 = -v - 5*d, -4*v + 3*d + r = -78. What is the greatest common factor of v and 3?
3
Let i = -166 + 234. Calculate the greatest common divisor of i and 34.
34
Let b(u) = -2*u + 2. Let p be b(0). Calculate the highest common factor of p and 22.
2
Suppose 3*d - 11 = -j + 4*d, 38 = 3*j - 4*d. Let w be 2/4*2*j. What is the greatest common factor of 12 and w?
6
Suppose 0 = 4*n - 0*n - 72. What is the highest common divisor of 162 and n?
18
Suppose 3*k - 48 = -k. Let d be (4/(-2))/(k/(-90)). Suppose -3*y + d = 3*f - 2*y, 0 = 5*f + y - 25. What is the highest common factor of 35 and f?
5
Let i be (3 + -1)*(-5)/(-2). Suppose -17*h = -22*h + 125. Calculate the greatest common factor of h and i.
5
Let q be 1/(-2)*(-218 + 2). Calculate the highest common factor of q and 12.
12
Let d(p) = p + 8. Let r be d(-8). Let v be 4/16 + (-479)/(-4). Suppose v = -r*f + 5*f. Calculate the greatest common divisor of f and 12.
12
Suppose 16*u - 11*u - 125 = 0. Calculate the highest common divisor of 175 and u.
25
Let k = 6 + 1. Let t = 13 - k. Calculate the highest common factor of t and 30.
6
Let t be ((-16)/20)/(2/(-10)). Calculate the highest common factor of 6 and t.
2
Let w(h) = -3*h + 1. Let z be w(-3). Let a be 2/4 - (-65)/z. What is the highest common factor of a and 77?
7
Let o = 48 + -68. Let v = 86 + o. Let d be v/14 + (-4)/(-14). What is the highest common factor of 15 and d?
5
Let h be (2/(-4) + -1)/((-29)/2030). Calculate the greatest common divisor of h and 42.
21
Let r be 0 + (7 - (2 - -2)). Suppose r*z - 528 = -3*z. Calculate the highest common divisor of z and 8.
8
Let f be (-2)/10 - 242/(-10). Calculate the highest common factor of 6 and f.
6
Let g(w) = -w**3 - 11*w**2 - 11*w - 5. Let y be g(-10). Let x be (-66)/y - 3/(-15). Let c = -6 - x. Calculate the greatest common factor of c and 49.
7
Let v = 2 + -2. Suppose 0 = -v*s - s + 11. Suppose 0 = 3*t + 3*d + 17 - 368, -5*t + 593 = 3*d. Calculate the greatest common divisor of t and s.
11
Suppose 111*c - 108*c - 12 = 0. Calculate the greatest common divisor of c and 44.
4
Let k = 3 + -2. Suppose -k + 9 = 4*s. Let v(p) = 3*p**2 - 3*p - 2. Let z be v(-2). Calculate the greatest common divisor of s and z.
2
Let n(g) = 2*g - 9. Let a be n(6). Let d be (-2)/a + (-202)/(-6). Suppose -2*f = 3*f - 110. What is the greatest common divisor of f and d?
11
Suppose 78 = 5*h - 372. Let u(t) = 17*t**2 + t. Let c be u(1). Calculate the highest common factor of h and c.
18
Suppose 11 = 2*h - 29. Suppose 0 = -5*z + k + 43, 59 - h = 3*z - 5*k. What is the highest common factor of z and 72?
8
Let h be (-36)/14*(-42)/9. Let m = 8 - h. Let f be (-30)/m*(-16)/(-3). Calculate the highest common divisor of f and 16.
8
Let f be 7/(2*(-5)/(-50)). Calculate the highest common factor of 5 and f.
5
Let y(q) = q**3 - 6*q**2 + 3*q + 2. Let c be y(6). Let x(d) = d**3 + 8*d**2 + 11*d. Let p be x(-4). Calculate the highest common divisor of c and p.
20
Let j(l) = -l**3 + 11*l**2 - 8*l - 3. Let t be j(10). What is the highest common divisor of 34 and t?
17
Let u(g) = -g + 7. Let a be u(3). Suppose 0 = 8*n - a*n - 768. What is the greatest common factor of 24 and n?
24
Suppose -5*a + 88 = -2. What is the highest common divisor of a and 54?
18
Let n(j) = -j**2 - 8*j - 3. Let c be -1 + -1 + 4/(-1). Let d be n(c). Calculate the greatest common divisor of 45 and d.
9
Let o be (-3 - -1 - 76) + -1. Let w = o + 119. What is the highest common factor of 16 and w?
8
Let t(u) = -u**2 + 5*u - 3. Let v be t(3). Suppose -v*j + 5*m = -163, m = -5*j + 2*m + 279. What is the greatest common divisor of 8 and j?
8
Let t(v) = -6*v + 8. Let d = 0 + -8. Let x be t(d). What is the greatest common divisor of 8 and x?
8
Suppose 0 = -5*i + 60 + 15. Suppose -2*q + 7*q - 75 = 0. Calculate the greatest common factor of q and i.
15
Let f = -6 - -22. Calculate the highest common factor of f and 128.
16
Suppose -37*z - 6 = -39*z. Let x(l) = l**3 - l**2 + l + 1. Let h be x(-1). Let q be ((-17)/(-1) - 0) + h. What is the greatest common divisor of z and q?
3
Suppose -3*k = 2*k + 4*i - 515, 2*i = -4*k + 406. What is the greatest common factor of 11 and k?
11
Let z be 26/2 - (13 - 12). Calculate the greatest common divisor of z and 8.
4
Suppose -f - h + 13 = 0, -h - 1 = -0*h. Suppose 3*l - l - 4*a + 2 = 0, 4*l + 5*a = 48. Calculate the greatest common factor of l and f.
7
Let v(i) = i**2 + 2*i + 2. Let m be v(-4). Calculate the highest common divisor of 15 and m.
5
Let w be 80/25 - (-4)/5. Calculate the greatest common factor of 28 and w.
4
Let d(j) = 5*j + 15. Let p be -2*(-1)/(-4)*-22. Let n be d(p). What is the highest common factor of n and 14?
14
Let i(w) = 13 - 2*w**2 + 3*w**2 - 3*w**2 + 6*w**2 + 8*w. Let x be i(-7). Calculate the greatest common divisor of x and 17.
17
Suppose -5*n = n - 1008. Calculate the highest common factor of 21 and n.
21
Let l = -10 - -18. Let g be l/6*12/8. Let 